{"id":1175,"date":"2018-08-30T12:10:27","date_gmt":"2018-08-30T15:10:27","guid":{"rendered":"https:\/\/ifdmoreno-cba.infd.edu.ar\/sitio\/profesorado-de-educacion-secundaria-en-historia\/"},"modified":"2021-12-30T13:05:42","modified_gmt":"2021-12-30T16:05:42","slug":"profesorado-de-educacion-secundaria-en-historia","status":"publish","type":"page","link":"https:\/\/ifdmoreno-cba.infd.edu.ar\/sitio\/profesorado-de-educacion-secundaria-en-historia\/","title":{"rendered":"Profesorado de Educaci\u00f3n Secundaria en Historia"},"content":{"rendered":"<p style=\"text-align: right;\"><img decoding=\"async\" loading=\"lazy\" class=\"wp-image-1780 aligncenter\" src=\"https:\/\/ifdmoreno-cba.infd.edu.ar\/sitio\/wp-content\/uploads\/2021\/12\/WhatsApp-Image-2020-12-28-at-16.42.28-1000x1000.jpeg\" alt=\"\" width=\"610\" height=\"610\" srcset=\"https:\/\/ifdmoreno-cba.infd.edu.ar\/sitio\/wp-content\/uploads\/2021\/12\/WhatsApp-Image-2020-12-28-at-16.42.28-1000x1000.jpeg 1000w, https:\/\/ifdmoreno-cba.infd.edu.ar\/sitio\/wp-content\/uploads\/2021\/12\/WhatsApp-Image-2020-12-28-at-16.42.28-500x500.jpeg 500w, https:\/\/ifdmoreno-cba.infd.edu.ar\/sitio\/wp-content\/uploads\/2021\/12\/WhatsApp-Image-2020-12-28-at-16.42.28-768x768.jpeg 768w, https:\/\/ifdmoreno-cba.infd.edu.ar\/sitio\/wp-content\/uploads\/2021\/12\/WhatsApp-Image-2020-12-28-at-16.42.28.jpeg 1080w\" sizes=\"(max-width: 610px) 100vw, 610px\" \/><\/p>\n<p style=\"text-align: right; padding-left: 150px;\"><span style=\"font-family: helvetica, arial, sans-serif; font-size: 10pt;\"><em><strong>\u00ab\u00bfLa historia se repite? \u00bfO se repite s\u00f3lo como penitencia de quienes no son incapaces de escucharla?\u00bb<\/strong><\/em><\/span><\/p>\n<p style=\"text-align: right; padding-left: 90px;\"><span style=\"font-family: helvetica, arial, sans-serif; font-size: 10pt;\"><strong>(Eduardo Galeano)<\/strong><\/span><\/p>\n<div>\n<p style=\"text-align: justify;\"><strong>PERFIL DEL EGRESADO<\/strong><\/p>\n<p>Acceder a las Ciencias Sociales y Humanas para ejercer la docencia en la Educaci\u00f3n Secundaria<\/p>\n<p>Acreditar conocimientos acerca de las civilizaciones y costumbres diferentes, enriqueciendo la cultura general<\/p>\n<p>Realizar actividades en museos como gu\u00edas<\/p>\n<p>Asesorar en arbitrajes y peritajes acerca de monumentos, hechos y procesos hist\u00f3ricos<\/p>\n<p>Proyectar, programar, dirigir y ejecutar investigaciones en los diversos campos del conocimiento hist\u00f3rico: arqueolog\u00eda, etnolog\u00eda, etc., en institutos, universidades.<\/p>\n<p>Trabajar en bibliotecas, empresas de turismo, diplomacia y relaciones exteriores.<\/p>\n<\/div>\n","protected":false},"excerpt":{"rendered":"<p>\u00ab\u00bfLa historia se repite? \u00bfO se repite s\u00f3lo como penitencia de quienes no son incapaces de escucharla?\u00bb (Eduardo Galeano) PERFIL DEL EGRESADO Acceder a las Ciencias Sociales y Humanas para ejercer la docencia en la Educaci\u00f3n Secundaria Acreditar conocimientos acerca de las civilizaciones y costumbres diferentes, enriqueciendo la cultura general Realizar actividades en museos como &#8230; <a title=\"Profesorado de Educaci\u00f3n Secundaria en Historia\" class=\"read-more\" href=\"https:\/\/ifdmoreno-cba.infd.edu.ar\/sitio\/profesorado-de-educacion-secundaria-en-historia\/\" aria-label=\"More on Profesorado de Educaci\u00f3n Secundaria en Historia\">[+]<\/a><\/p>\n","protected":false},"author":572,"featured_media":0,"parent":0,"menu_order":0,"comment_status":"closed","ping_status":"closed","template":"","meta":[],"acf":[],"_links":{"self":[{"href":"https:\/\/ifdmoreno-cba.infd.edu.ar\/sitio\/wp-json\/wp\/v2\/pages\/1175"}],"collection":[{"href":"https:\/\/ifdmoreno-cba.infd.edu.ar\/sitio\/wp-json\/wp\/v2\/pages"}],"about":[{"href":"https:\/\/ifdmoreno-cba.infd.edu.ar\/sitio\/wp-json\/wp\/v2\/types\/page"}],"author":[{"embeddable":true,"href":"https:\/\/ifdmoreno-cba.infd.edu.ar\/sitio\/wp-json\/wp\/v2\/users\/572"}],"replies":[{"embeddable":true,"href":"https:\/\/ifdmoreno-cba.infd.edu.ar\/sitio\/wp-json\/wp\/v2\/comments?post=1175"}],"version-history":[{"count":1,"href":"https:\/\/ifdmoreno-cba.infd.edu.ar\/sitio\/wp-json\/wp\/v2\/pages\/1175\/revisions"}],"predecessor-version":[{"id":1795,"href":"https:\/\/ifdmoreno-cba.infd.edu.ar\/sitio\/wp-json\/wp\/v2\/pages\/1175\/revisions\/1795"}],"wp:attachment":[{"href":"https:\/\/ifdmoreno-cba.infd.edu.ar\/sitio\/wp-json\/wp\/v2\/media?parent=1175"}],"curies":[{"name":"wp","href":"https:\/\/api.w.org\/{rel}","templated":true}]}}