{"id":1214,"date":"2018-08-30T12:10:42","date_gmt":"2018-08-30T15:10:42","guid":{"rendered":"https:\/\/ifdmoreno-cba.infd.edu.ar\/sitio\/plan-de-estudios\/"},"modified":"2020-12-10T21:30:26","modified_gmt":"2020-12-11T00:30:26","slug":"plan-de-estudios","status":"publish","type":"page","link":"https:\/\/ifdmoreno-cba.infd.edu.ar\/sitio\/plan-de-estudios\/","title":{"rendered":"Plan de estudios"},"content":{"rendered":"<div class=\"Section1\">\n<p><span style=\"font-family: arial, helvetica, sans-serif; font-size: 10pt;\"><strong>PROFESORADO DE EDUCACI\u00d3N SECUNDARIA EN\u00a0MATEM\u00c1TICA<\/strong><\/span><\/p>\n<p><span style=\"font-family: arial, helvetica, sans-serif; font-size: 10pt;\"><strong>T\u00edtulo:<\/strong>\u00a0Profesor de Educaci\u00f3n Secundaria en\u00a0Matem\u00e1tica<\/span><\/p>\n<p><span style=\"font-family: arial, helvetica, sans-serif; font-size: 10pt;\"><strong>Duraci\u00f3n:<\/strong>\u00a04 a\u00f1os<\/span><\/p>\n<p><span style=\"font-family: arial, helvetica, sans-serif; font-size: 10pt;\"><strong>Jefe de secci\u00f3n:<\/strong>\u00a0Prof. Blanca Basualdo<\/span><\/p>\n<p><span style=\"font-family: arial, helvetica, sans-serif; font-size: 10pt;\"><strong>Docente a contactar<\/strong> Prof. Donata Delfini<\/span><\/p>\n<p><span style=\"color: #0000ff; font-family: arial, helvetica, sans-serif; font-size: 10pt;\">donatadelfini@gmail.com<\/span><\/p>\n<p>&nbsp;<\/p>\n<p><span style=\"color: #000000;\"><strong><span style=\"font-family: arial, helvetica, sans-serif; font-size: 8pt;\">ESTRUCTURA CURRICULAR<\/span><\/strong><\/span><\/p>\n<table style=\"width: 100%;\" border=\"1\" cellspacing=\"0\" cellpadding=\"0\">\n<tbody>\n<tr>\n<td width=\"325\"><strong>1er A\u00d1O<\/strong><\/td>\n<td width=\"144\">&nbsp;<\/td>\n<td width=\"43\">&nbsp;<\/td>\n<td width=\"77\">&nbsp;<\/td>\n<td valign=\"top\" width=\"120\">&nbsp;<\/td>\n<\/tr>\n<tr>\n<td width=\"325\"><strong>Espacios Curriculares<\/strong><\/td>\n<td width=\"144\"><strong>Formato<\/strong><\/td>\n<td width=\"43\">&nbsp;<\/td>\n<td width=\"77\"><strong>HC\/S<\/strong><\/td>\n<td valign=\"top\" width=\"120\"><strong>Taller integ.<\/strong><\/td>\n<\/tr>\n<tr>\n<td width=\"325\">Pedagog\u00eda<\/td>\n<td width=\"144\">Asignatura<\/td>\n<td width=\"43\">CFG<\/td>\n<td style=\"text-align: center;\" width=\"77\">4<\/td>\n<td style=\"text-align: center;\" valign=\"top\" width=\"120\">&nbsp;<\/td>\n<\/tr>\n<tr>\n<td width=\"325\">Problem\u00e1ticas Socioantropol\u00f3gicas en Ed.<\/td>\n<td width=\"144\">Seminario<\/td>\n<td width=\"43\">CFG<\/td>\n<td style=\"text-align: center;\" width=\"77\">3<\/td>\n<td style=\"text-align: center;\" valign=\"top\" width=\"120\">1<\/td>\n<\/tr>\n<tr>\n<td width=\"325\">Lenguaje Digital y Audiovisual<\/td>\n<td width=\"144\">Taller<\/td>\n<td width=\"43\">CFG<\/td>\n<td style=\"text-align: center;\" width=\"77\">2<\/td>\n<td style=\"text-align: center;\" valign=\"top\" width=\"120\">&nbsp;<\/td>\n<\/tr>\n<tr>\n<td width=\"325\">Pr\u00e1ctica Docente I<\/td>\n<td width=\"144\">Asignatura &#8211; Taller<\/td>\n<td width=\"43\">CPD<\/td>\n<td style=\"text-align: center;\" width=\"77\">3<\/td>\n<td style=\"text-align: center;\" valign=\"top\" width=\"120\">1<\/td>\n<\/tr>\n<tr>\n<td width=\"325\">Elementos de la Aritm\u00e9tica y del\u00a0 \u00c1lgebra<\/td>\n<td width=\"144\">Asignatura<\/td>\n<td width=\"43\">CFE<\/td>\n<td style=\"text-align: center;\" width=\"77\">6<\/td>\n<td style=\"text-align: center;\" valign=\"top\" width=\"120\">1<\/td>\n<\/tr>\n<tr>\n<td width=\"325\">Problem\u00e1ticas de la Geometr\u00eda I<\/td>\n<td width=\"144\">Asignatura<\/td>\n<td width=\"43\">CFE<\/td>\n<td style=\"text-align: center;\" width=\"77\">7<\/td>\n<td style=\"text-align: center;\" valign=\"top\" width=\"120\">&nbsp;<\/td>\n<\/tr>\n<tr>\n<td width=\"325\">Modelizaci\u00f3n Matem\u00e1tica<\/td>\n<td width=\"144\">Taller<\/td>\n<td width=\"43\">CFE<\/td>\n<td style=\"text-align: center;\" width=\"77\">5<\/td>\n<td style=\"text-align: center;\" valign=\"top\" width=\"120\">&nbsp;<\/td>\n<\/tr>\n<\/tbody>\n<\/table>\n<p>&nbsp;<\/p>\n<table border=\"1\" cellspacing=\"0\" cellpadding=\"0\">\n<tbody>\n<tr>\n<td width=\"325\"><strong>2do A\u00d1O<\/strong><\/td>\n<td width=\"144\">&nbsp;<\/td>\n<td width=\"48\">&nbsp;<\/td>\n<td width=\"72\">&nbsp;<\/td>\n<td valign=\"top\" width=\"120\">&nbsp;<\/td>\n<\/tr>\n<tr>\n<td width=\"325\"><strong>Espacios Curriculares<\/strong><\/td>\n<td width=\"144\">&nbsp;<\/td>\n<td width=\"48\">&nbsp;<\/td>\n<td width=\"72\"><strong>HC\/S<\/strong><\/td>\n<td valign=\"top\" width=\"120\"><strong>Taller integ.<\/strong><\/td>\n<\/tr>\n<tr>\n<td width=\"325\">Psicolog\u00eda y Educaci\u00f3n<\/td>\n<td width=\"144\">Asignatura<\/td>\n<td width=\"48\">CFG<\/td>\n<td style=\"text-align: center;\" width=\"72\">4<\/td>\n<td style=\"text-align: center;\" valign=\"top\" width=\"120\">&nbsp;<\/td>\n<\/tr>\n<tr>\n<td width=\"325\">Did\u00e1ctica General<\/td>\n<td width=\"144\">Asignatura<\/td>\n<td width=\"48\">CFG<\/td>\n<td style=\"text-align: center;\" width=\"72\">3<\/td>\n<td style=\"text-align: center;\" valign=\"top\" width=\"120\">&nbsp;<\/td>\n<\/tr>\n<tr>\n<td width=\"325\">Pr\u00e1ctica Docente II<\/td>\n<td width=\"144\">Seminario Taller<\/td>\n<td width=\"48\">CPD<\/td>\n<td style=\"text-align: center;\" width=\"72\">4<\/td>\n<td style=\"text-align: center;\" valign=\"top\" width=\"120\">1<\/td>\n<\/tr>\n<tr>\n<td width=\"325\">Sujetos de la Educaci\u00f3n<\/td>\n<td width=\"144\">Seminario<\/td>\n<td width=\"48\">CFE<\/td>\n<td style=\"text-align: center;\" width=\"72\">3<\/td>\n<td style=\"text-align: center;\" valign=\"top\" width=\"120\">1<\/td>\n<\/tr>\n<tr>\n<td width=\"325\">Did\u00e1ctica de la Matem\u00e1tica I<\/td>\n<td width=\"144\">Asignatura -Taller<\/td>\n<td width=\"48\">CFE<\/td>\n<td style=\"text-align: center;\" width=\"72\">3<\/td>\n<td style=\"text-align: center;\" valign=\"top\" width=\"120\">1<\/td>\n<\/tr>\n<tr>\n<td width=\"325\">Problem\u00e1ticas del An\u00e1lisis Matem\u00e1tico I<\/td>\n<td width=\"144\">Asignatura<\/td>\n<td width=\"48\">CFE<\/td>\n<td style=\"text-align: center;\" width=\"72\">6<\/td>\n<td style=\"text-align: center;\" valign=\"top\" width=\"120\">1<\/td>\n<\/tr>\n<tr>\n<td width=\"325\">Problem\u00e1ticas de la Geometr\u00eda II<\/td>\n<td width=\"144\">Asignatura<\/td>\n<td width=\"48\">CFE<\/td>\n<td style=\"text-align: center;\" width=\"72\">5<\/td>\n<td style=\"text-align: center;\" valign=\"top\" width=\"120\">&nbsp;<\/td>\n<\/tr>\n<tr>\n<td width=\"325\">Problem\u00e1ticas del \u00c1lgebra I<\/td>\n<td width=\"144\">Asignatura<\/td>\n<td width=\"48\">CFE<\/td>\n<td style=\"text-align: center;\" width=\"72\">4<\/td>\n<td style=\"text-align: center;\" valign=\"top\" width=\"120\">&nbsp;<\/td>\n<\/tr>\n<\/tbody>\n<\/table>\n<p>&nbsp;<\/p>\n<table border=\"1\" cellspacing=\"0\" cellpadding=\"0\">\n<tbody>\n<tr>\n<td width=\"324\"><strong>3er A\u00d1O<\/strong><\/td>\n<td width=\"144\">&nbsp;<\/td>\n<td width=\"43\">&nbsp;<\/p>\n<p>&nbsp;<\/td>\n<td width=\"77\">&nbsp;<\/p>\n<p>&nbsp;<\/td>\n<td valign=\"top\" width=\"120\">&nbsp;<\/td>\n<\/tr>\n<tr>\n<td width=\"324\"><strong>Espacios Curriculares<\/strong><\/td>\n<td width=\"144\">&nbsp;<\/td>\n<td width=\"43\">&nbsp;<\/td>\n<td width=\"77\"><strong>HC\/S<\/strong><\/td>\n<td valign=\"top\" width=\"120\"><strong>Taller integ.<\/strong><\/td>\n<\/tr>\n<tr>\n<td width=\"324\">Historia y Pol\u00edtica de la Educaci\u00f3n Arg.<\/td>\n<td width=\"144\">Seminario<\/td>\n<td width=\"43\">CFG<\/td>\n<td style=\"text-align: center;\" width=\"77\">3<\/td>\n<td style=\"text-align: center;\" valign=\"top\" width=\"120\">&nbsp;<\/td>\n<\/tr>\n<tr>\n<td width=\"324\">Pr\u00e1ctica Docente III<\/td>\n<td width=\"144\">Asignatura &#8211; Taller<\/td>\n<td width=\"43\">CPD<\/td>\n<td style=\"text-align: center;\" width=\"77\">5<\/td>\n<td style=\"text-align: center;\" valign=\"top\" width=\"120\">1<\/td>\n<\/tr>\n<tr>\n<td width=\"324\">Did\u00e1ctica de la Matem\u00e1tica II<\/td>\n<td width=\"144\">Asignatura &#8211; Taller<\/td>\n<td width=\"43\">CFE<\/td>\n<td style=\"text-align: center;\" width=\"77\">3<\/td>\n<td style=\"text-align: center;\" valign=\"top\" width=\"120\">1<\/td>\n<\/tr>\n<tr>\n<td width=\"324\">Filosof\u00eda de las ciencias<\/td>\n<td width=\"144\">Asignatura<\/td>\n<td width=\"43\">CFE<\/td>\n<td style=\"text-align: center;\" width=\"77\">3<\/td>\n<td style=\"text-align: center;\" valign=\"top\" width=\"120\">&nbsp;<\/td>\n<\/tr>\n<tr>\n<td width=\"324\">Problem\u00e1ticas del An\u00e1lisis Matem. II<\/td>\n<td width=\"144\">Asignatura<\/td>\n<td width=\"43\">CFE<\/td>\n<td style=\"text-align: center;\" width=\"77\">6<\/td>\n<td style=\"text-align: center;\" valign=\"top\" width=\"120\">&nbsp;<\/td>\n<\/tr>\n<tr>\n<td width=\"324\">Problem\u00e1ticas del \u00c1lgebra II<\/td>\n<td width=\"144\">Asignatura<\/td>\n<td width=\"43\">CFE<\/td>\n<td style=\"text-align: center;\" width=\"77\">5<\/td>\n<td style=\"text-align: center;\" valign=\"top\" width=\"120\">&nbsp;<\/td>\n<\/tr>\n<tr>\n<td width=\"324\">Problem\u00e1ticas de Prob. y Estad\u00edstica<\/td>\n<td width=\"144\">Asignatura<\/td>\n<td width=\"43\">CFE<\/td>\n<td style=\"text-align: center;\" width=\"77\">7<\/td>\n<td style=\"text-align: center;\" valign=\"top\" width=\"120\">1<\/td>\n<\/tr>\n<\/tbody>\n<\/table>\n<p>&nbsp;<\/p>\n<table style=\"width: 100%;\" border=\"1\" cellspacing=\"0\" cellpadding=\"0\">\n<tbody>\n<tr>\n<td width=\"324\"><strong>4to A\u00d1O<\/strong><\/td>\n<td width=\"133\">&nbsp;<\/td>\n<td width=\"59\">&nbsp;<\/td>\n<td width=\"72\">&nbsp;<\/td>\n<td valign=\"top\" width=\"120\">&nbsp;<\/td>\n<\/tr>\n<tr>\n<td width=\"324\"><strong>Espacios Curriculares<\/strong><\/td>\n<td width=\"133\">&nbsp;<\/td>\n<td width=\"59\">&nbsp;<\/td>\n<td width=\"72\"><strong>HC\/S<\/strong><\/td>\n<td valign=\"top\" width=\"120\"><strong>Taller integ.<\/strong><\/td>\n<\/tr>\n<tr>\n<td width=\"324\">\u00c9tica y Construcci\u00f3n de Ciudadan\u00eda<\/td>\n<td width=\"133\">Asignatura<\/td>\n<td width=\"59\">CFG<\/td>\n<td style=\"text-align: center;\" width=\"72\">3<\/td>\n<td style=\"text-align: center;\" valign=\"top\" width=\"120\">&nbsp;<\/td>\n<\/tr>\n<tr>\n<td width=\"324\">Pr\u00e1ctica Docente IV<\/td>\n<td width=\"133\">Seminario Taller<\/td>\n<td width=\"59\">CPD<\/td>\n<td style=\"text-align: center;\" width=\"72\">8<\/td>\n<td style=\"text-align: center;\" valign=\"top\" width=\"120\">2<\/td>\n<\/tr>\n<tr>\n<td width=\"324\">Did\u00e1ctica de la Matem\u00e1tica III<\/td>\n<td width=\"133\">Asignatura &#8211; Taller<\/td>\n<td width=\"59\">CFE<\/td>\n<td style=\"text-align: center;\" width=\"72\">3<\/td>\n<td style=\"text-align: center;\" valign=\"top\" width=\"120\">1<\/td>\n<\/tr>\n<tr>\n<td width=\"324\">Problem\u00e1ticas de la Geometr\u00eda III<\/td>\n<td width=\"133\">Asignatura<\/td>\n<td width=\"59\">CFE<\/td>\n<td style=\"text-align: center;\" width=\"72\">4<\/td>\n<td style=\"text-align: center;\" valign=\"top\" width=\"120\">1<\/td>\n<\/tr>\n<tr>\n<td width=\"324\">Problem\u00e1ticas del \u00c1lgebra III<\/td>\n<td width=\"133\">Asignatura<\/td>\n<td width=\"59\">CFE<\/td>\n<td style=\"text-align: center;\" width=\"72\">4<\/td>\n<td style=\"text-align: center;\" valign=\"top\" width=\"120\">&nbsp;<\/td>\n<\/tr>\n<tr>\n<td width=\"324\">Modelizaci\u00f3n matem\u00e1tica en las ciencias<\/td>\n<td width=\"133\">Taller<\/td>\n<td width=\"59\">CFE<\/td>\n<td style=\"text-align: center;\" width=\"72\">4<\/td>\n<td style=\"text-align: center;\" valign=\"top\" width=\"120\">&nbsp;<\/td>\n<\/tr>\n<tr>\n<td width=\"324\">Historia y Epistemolog\u00eda de la Matem\u00e1tica<\/td>\n<td width=\"133\">Asignatura<\/td>\n<td width=\"59\">&nbsp;<\/td>\n<td style=\"text-align: center;\" width=\"72\">3<\/td>\n<td style=\"text-align: center;\" valign=\"top\" width=\"120\">&nbsp;<\/td>\n<\/tr>\n<\/tbody>\n<\/table>\n<p>&nbsp;<\/p>\n<table style=\"width: 100%;\" border=\"1\" cellspacing=\"0\" cellpadding=\"0\">\n<tbody>\n<tr>\n<td width=\"335\">UNIDADES DE DEFINICI\u00d3N INSTITUCIONAL<\/td>\n<td width=\"24\"><\/td>\n<td style=\"text-align: center;\" width=\"39\">&nbsp;<\/td>\n<td style=\"text-align: center;\" width=\"45\"><strong>HC\/S<\/strong><\/td>\n<\/tr>\n<tr>\n<td width=\"335\">Matem\u00e1tica Financiera<\/td>\n<td width=\"24\">&nbsp;<\/td>\n<td style=\"text-align: center;\" width=\"39\">CFE<\/td>\n<td style=\"text-align: center;\" width=\"45\">2<\/td>\n<\/tr>\n<tr>\n<td width=\"335\">Problem\u00e1ticas y Desaf\u00edos del Nivel Secundario<\/td>\n<td width=\"24\"><\/td>\n<td style=\"text-align: center;\" width=\"39\">CFG<\/td>\n<td style=\"text-align: center;\" width=\"45\">2<\/td>\n<\/tr>\n<\/tbody>\n<\/table>\n<\/div>\n","protected":false},"excerpt":{"rendered":"<p>PROFESORADO DE EDUCACI\u00d3N SECUNDARIA EN\u00a0MATEM\u00c1TICA T\u00edtulo:\u00a0Profesor de Educaci\u00f3n Secundaria en\u00a0Matem\u00e1tica Duraci\u00f3n:\u00a04 a\u00f1os Jefe de secci\u00f3n:\u00a0Prof. Blanca Basualdo Docente a contactar Prof. Donata Delfini donatadelfini@gmail.com &nbsp; ESTRUCTURA CURRICULAR 1er A\u00d1O &nbsp; &nbsp; &nbsp; &nbsp; Espacios Curriculares Formato &nbsp; HC\/S Taller integ. Pedagog\u00eda Asignatura CFG 4 &nbsp; Problem\u00e1ticas Socioantropol\u00f3gicas en Ed. Seminario CFG 3 1 Lenguaje Digital &#8230; <a title=\"Plan de estudios\" class=\"read-more\" href=\"https:\/\/ifdmoreno-cba.infd.edu.ar\/sitio\/plan-de-estudios\/\" aria-label=\"More on Plan de estudios\">[+]<\/a><\/p>\n","protected":false},"author":572,"featured_media":0,"parent":0,"menu_order":0,"comment_status":"closed","ping_status":"closed","template":"","meta":[],"acf":[],"_links":{"self":[{"href":"https:\/\/ifdmoreno-cba.infd.edu.ar\/sitio\/wp-json\/wp\/v2\/pages\/1214"}],"collection":[{"href":"https:\/\/ifdmoreno-cba.infd.edu.ar\/sitio\/wp-json\/wp\/v2\/pages"}],"about":[{"href":"https:\/\/ifdmoreno-cba.infd.edu.ar\/sitio\/wp-json\/wp\/v2\/types\/page"}],"author":[{"embeddable":true,"href":"https:\/\/ifdmoreno-cba.infd.edu.ar\/sitio\/wp-json\/wp\/v2\/users\/572"}],"replies":[{"embeddable":true,"href":"https:\/\/ifdmoreno-cba.infd.edu.ar\/sitio\/wp-json\/wp\/v2\/comments?post=1214"}],"version-history":[{"count":2,"href":"https:\/\/ifdmoreno-cba.infd.edu.ar\/sitio\/wp-json\/wp\/v2\/pages\/1214\/revisions"}],"predecessor-version":[{"id":1729,"href":"https:\/\/ifdmoreno-cba.infd.edu.ar\/sitio\/wp-json\/wp\/v2\/pages\/1214\/revisions\/1729"}],"wp:attachment":[{"href":"https:\/\/ifdmoreno-cba.infd.edu.ar\/sitio\/wp-json\/wp\/v2\/media?parent=1214"}],"curies":[{"name":"wp","href":"https:\/\/api.w.org\/{rel}","templated":true}]}}