{"id":1220,"date":"2018-08-30T12:10:44","date_gmt":"2018-08-30T15:10:44","guid":{"rendered":"https:\/\/ifdmoreno-cba.infd.edu.ar\/sitio\/autoridades\/"},"modified":"2024-01-16T17:05:33","modified_gmt":"2024-01-16T20:05:33","slug":"autoridades","status":"publish","type":"page","link":"https:\/\/ifdmoreno-cba.infd.edu.ar\/sitio\/autoridades\/","title":{"rendered":"Autoridades y cargos"},"content":{"rendered":"<h4 style=\"text-align: center;\">AUTORIDADES Y CARGOS DEL ISFD \u00abMARIANO MORENO\u00bb<\/h4>\n<p><strong>EQUIPO DE GESTI\u00d3N Y CONDUCCI\u00d3N<\/strong><\/p>\n<p><strong>Directora de Nivel Superior concursada:<\/strong> Lic. Esp. Prof. Alicia In\u00e9s Geminiani<\/p>\n<p><strong>Vice directora:<\/strong> Lic. Prof. Mar\u00eda Janet Martins<\/p>\n<p><strong>SECRETAR\u00cdA<\/strong><\/p>\n<p><strong>Secretaria docente:<\/strong> Lic. Prof. Paola Ferrero<\/p>\n<p><strong>Pro-secretaria docente:<\/strong> Prof. Roxana C\u00e1ceres<\/p>\n<p><strong>Auxiliar administrativo con funci\u00f3n secretar\u00eda:<\/strong> Prof. Sandra Peralta<\/p>\n<p><strong>Auxiliar administrativo contable:<\/strong> Prof. Jos\u00e9 Crist\u00f3bal Saretti<\/p>\n<p><strong>Ayudante t\u00e9cnico:<\/strong> Prof. Silvia D\u00e1vila<\/p>\n<p><strong>COORDINACI\u00d3N DE NIVEL SUPERIOR<\/strong><\/p>\n<p>Prof. Sandra Palacios<\/p>\n<p>Lic. Prof. Jorgelina Piancatelli<\/p>\n<p><strong>COORDINADOR INSTITUCIONAL DE POL\u00cdTICAS ESTUDIANTILES<\/strong><\/p>\n<p><strong>T\u00e9c.<\/strong> Jos\u00e9 Francisco Aliaga<\/p>\n<p><strong>PRECEPTOR\u00cdA<\/strong><\/p>\n<p>Prof. Marina Origlia<\/p>\n<p>Prof. Sandra Mirats<\/p>\n<p>Prof. Isabel Zarini<\/p>\n<p>Prof. Mar\u00eda Laura V\u00e1zquez<\/p>\n<p>Prof. Ver\u00f3nica Cavigliaso<\/p>\n<p><strong>AUXILIARES DE LABORATORIO<\/strong><\/p>\n<p>Prof. Lucas Goffre<\/p>\n<p>Prof. Carolina Coscia<\/p>\n<p><b>BIBLIOTECA<\/b><\/p>\n<p>Prof. Stella Barboni<\/p>\n<p><strong>RESPONSABLES DEL CAMPUS VIRTUAL<\/strong><\/p>\n<p>Lic. Prof. Mar\u00eda Janet Martins<\/p>\n<p>T\u00e9c. Jos\u00e9 Francisco Aliaga<\/p>\n<p><span style=\"font-family: helvetica, arial, sans-serif; font-size: 12pt;\">\u00a0<\/span><\/p>\n<p><span style=\"color: #000000; font-size: 12pt; font-family: helvetica, arial, sans-serif;\"><strong>\u00a0<\/strong><\/span><\/p>\n<p><span style=\"color: #000000; font-family: helvetica, arial, sans-serif; font-size: 12pt;\"><strong>\u00a0<\/strong><\/span><\/p>\n<p><span style=\"font-family: helvetica, arial, sans-serif; font-size: 12pt;\">\u00a0<\/span><\/p>\n<p><span style=\"color: #000000; font-size: 12pt; font-family: helvetica, arial, sans-serif;\"><strong><strong>\u00a0<\/strong><\/strong><\/span><\/p>\n<p><span style=\"font-family: helvetica, arial, sans-serif; font-size: 12pt;\">\u00a0<\/span><\/p>\n<p><span style=\"color: #000000; font-size: 12pt; font-family: helvetica, arial, sans-serif;\"><strong><strong>\u00a0<\/strong><\/strong><\/span><\/p>\n","protected":false},"excerpt":{"rendered":"<p>AUTORIDADES Y CARGOS DEL ISFD \u00abMARIANO MORENO\u00bb EQUIPO DE GESTI\u00d3N Y CONDUCCI\u00d3N Directora de Nivel Superior concursada: Lic. Esp. Prof. Alicia In\u00e9s Geminiani Vice directora: Lic. Prof. Mar\u00eda Janet Martins SECRETAR\u00cdA Secretaria docente: Lic. Prof. Paola Ferrero Pro-secretaria docente: Prof. Roxana C\u00e1ceres Auxiliar administrativo con funci\u00f3n secretar\u00eda: Prof. Sandra Peralta Auxiliar administrativo contable: Prof. Jos\u00e9 &#8230; <a title=\"Autoridades y cargos\" class=\"read-more\" href=\"https:\/\/ifdmoreno-cba.infd.edu.ar\/sitio\/autoridades\/\" aria-label=\"More on Autoridades y cargos\">[+]<\/a><\/p>\n","protected":false},"author":572,"featured_media":0,"parent":0,"menu_order":0,"comment_status":"closed","ping_status":"closed","template":"","meta":[],"acf":[],"_links":{"self":[{"href":"https:\/\/ifdmoreno-cba.infd.edu.ar\/sitio\/wp-json\/wp\/v2\/pages\/1220"}],"collection":[{"href":"https:\/\/ifdmoreno-cba.infd.edu.ar\/sitio\/wp-json\/wp\/v2\/pages"}],"about":[{"href":"https:\/\/ifdmoreno-cba.infd.edu.ar\/sitio\/wp-json\/wp\/v2\/types\/page"}],"author":[{"embeddable":true,"href":"https:\/\/ifdmoreno-cba.infd.edu.ar\/sitio\/wp-json\/wp\/v2\/users\/572"}],"replies":[{"embeddable":true,"href":"https:\/\/ifdmoreno-cba.infd.edu.ar\/sitio\/wp-json\/wp\/v2\/comments?post=1220"}],"version-history":[{"count":9,"href":"https:\/\/ifdmoreno-cba.infd.edu.ar\/sitio\/wp-json\/wp\/v2\/pages\/1220\/revisions"}],"predecessor-version":[{"id":2312,"href":"https:\/\/ifdmoreno-cba.infd.edu.ar\/sitio\/wp-json\/wp\/v2\/pages\/1220\/revisions\/2312"}],"wp:attachment":[{"href":"https:\/\/ifdmoreno-cba.infd.edu.ar\/sitio\/wp-json\/wp\/v2\/media?parent=1220"}],"curies":[{"name":"wp","href":"https:\/\/api.w.org\/{rel}","templated":true}]}}