{"id":1426,"date":"2019-02-06T18:26:24","date_gmt":"2019-02-06T21:26:24","guid":{"rendered":"https:\/\/ifdmoreno-cba.infd.edu.ar\/sitio\/?page_id=1426"},"modified":"2023-02-21T17:24:32","modified_gmt":"2023-02-21T20:24:32","slug":"carreras","status":"publish","type":"page","link":"https:\/\/ifdmoreno-cba.infd.edu.ar\/sitio\/carreras\/","title":{"rendered":"CARRERAS"},"content":{"rendered":"<div class=\"cxmmr5t8 oygrvhab hcukyx3x c1et5uql o9v6fnle ii04i59q\">\n<h4 dir=\"auto\" style=\"text-align: center;\"><strong>\u00bfYa elegiste qu\u00e9 carrera vas a estudiar? Eleg\u00ed el Profesorado\u00a0<\/strong><\/h4>\n<\/div>\n<div class=\"cxmmr5t8 oygrvhab hcukyx3x c1et5uql o9v6fnle ii04i59q\">\n<div dir=\"auto\">Las diez carreras de Formaci\u00f3n Docente que se dictan en el ISFD \u00abMariano Moreno\u00bb tienen una duraci\u00f3n de 4 a\u00f1os. Instituci\u00f3n P\u00fablica. Los t\u00edtulos de las carreras dictadas en el Profesorado tienen <strong>validez nacional<\/strong>. El Instituto no dicta profesorados a distancia o trayecto pedag\u00f3gicos.<\/div>\n<div dir=\"auto\">\u00a0<\/div>\n<div dir=\"auto\">El ISFD Mariano Moreno dicta todas sus carreras en su <strong>Sede central<\/strong> en calle 25 de mayo 135, Bell Ville, C\u00f3rdoba. El horario de cursado es vespertino\/nocturno de 18:20 a 23.15 h.<\/div>\n<div dir=\"auto\">\u00a0<\/div>\n<\/div>\n<p>Conoc\u00e9 nuestra oferta acad\u00e9mica de Formaci\u00f3n Docente Inicial<\/p>\n<p><img decoding=\"async\" loading=\"lazy\" class=\" wp-image-1799 aligncenter\" src=\"https:\/\/ifdmoreno-cba.infd.edu.ar\/sitio\/wp-content\/uploads\/2021\/12\/WhatsApp-Image-2019-10-21-at-22.49.19-722x1000.jpeg\" alt=\"\" width=\"560\" height=\"776\" srcset=\"https:\/\/ifdmoreno-cba.infd.edu.ar\/sitio\/wp-content\/uploads\/2021\/12\/WhatsApp-Image-2019-10-21-at-22.49.19-722x1000.jpeg 722w, https:\/\/ifdmoreno-cba.infd.edu.ar\/sitio\/wp-content\/uploads\/2021\/12\/WhatsApp-Image-2019-10-21-at-22.49.19-768x1064.jpeg 768w, https:\/\/ifdmoreno-cba.infd.edu.ar\/sitio\/wp-content\/uploads\/2021\/12\/WhatsApp-Image-2019-10-21-at-22.49.19.jpeg 924w\" sizes=\"(max-width: 560px) 100vw, 560px\" \/><\/p>\n<p>Profesorado de Educaci\u00f3n Secundaria en Biolog\u00eda \u00a0<img decoding=\"async\" loading=\"lazy\" class=\"\" src=\"https:\/\/encrypted-tbn0.gstatic.com\/images?q=tbn:ANd9GcTrPsGyGGTKfWD_nVry2BXFnqslW2_QK5MWMOdyba_FYJHqHMc-reKia4HBk5UByiCoCZM&amp;usqp=CAU\" alt=\"VER MAS\" width=\"114\" height=\"44\" \/><\/p>\n<p>Profesorado de Educaci\u00f3n Secundaria en Econom\u00eda\u00a0 <img decoding=\"async\" loading=\"lazy\" class=\"\" src=\"https:\/\/encrypted-tbn0.gstatic.com\/images?q=tbn:ANd9GcTrPsGyGGTKfWD_nVry2BXFnqslW2_QK5MWMOdyba_FYJHqHMc-reKia4HBk5UByiCoCZM&amp;usqp=CAU\" alt=\"VER MAS\" width=\"114\" height=\"44\" \/><\/p>\n<p>Profesorado de Educaci\u00f3n Secundaria en Educaci\u00f3n Inicial<img decoding=\"async\" loading=\"lazy\" class=\"\" src=\"https:\/\/encrypted-tbn0.gstatic.com\/images?q=tbn:ANd9GcTrPsGyGGTKfWD_nVry2BXFnqslW2_QK5MWMOdyba_FYJHqHMc-reKia4HBk5UByiCoCZM&amp;usqp=CAU\" alt=\"VER MAS\" width=\"114\" height=\"44\" \/><\/p>\n<p>Profesorado de Educaci\u00f3n Secundaria en Educaci\u00f3n Especial con orientaci\u00f3n en DI<img decoding=\"async\" loading=\"lazy\" class=\"\" src=\"https:\/\/encrypted-tbn0.gstatic.com\/images?q=tbn:ANd9GcTrPsGyGGTKfWD_nVry2BXFnqslW2_QK5MWMOdyba_FYJHqHMc-reKia4HBk5UByiCoCZM&amp;usqp=CAU\" alt=\"VER MAS\" width=\"114\" height=\"44\" \/><\/p>\n<p>Profesorado de Educaci\u00f3n Secundaria en F\u00edsica<img decoding=\"async\" loading=\"lazy\" class=\"\" src=\"https:\/\/encrypted-tbn0.gstatic.com\/images?q=tbn:ANd9GcTrPsGyGGTKfWD_nVry2BXFnqslW2_QK5MWMOdyba_FYJHqHMc-reKia4HBk5UByiCoCZM&amp;usqp=CAU\" alt=\"VER MAS\" width=\"114\" height=\"44\" \/><\/p>\n<p>Profesorado de Educaci\u00f3n Secundaria en Geograf\u00eda<img decoding=\"async\" loading=\"lazy\" class=\"\" src=\"https:\/\/encrypted-tbn0.gstatic.com\/images?q=tbn:ANd9GcTrPsGyGGTKfWD_nVry2BXFnqslW2_QK5MWMOdyba_FYJHqHMc-reKia4HBk5UByiCoCZM&amp;usqp=CAU\" alt=\"VER MAS\" width=\"114\" height=\"44\" \/><\/p>\n<p>Profesorado de Educaci\u00f3n Secundaria en Historia<img decoding=\"async\" loading=\"lazy\" class=\"\" src=\"https:\/\/encrypted-tbn0.gstatic.com\/images?q=tbn:ANd9GcTrPsGyGGTKfWD_nVry2BXFnqslW2_QK5MWMOdyba_FYJHqHMc-reKia4HBk5UByiCoCZM&amp;usqp=CAU\" alt=\"VER MAS\" width=\"114\" height=\"44\" \/><\/p>\n<p>Profesorado de Educaci\u00f3n Secundaria en Lengua y literatura<a href=\"https:\/\/ifdmoreno-cba.infd.edu.ar\/sitio\/profesorado-de-educacion-secundaria-en-lengua-y-literatura\/\"><img decoding=\"async\" loading=\"lazy\" class=\"\" src=\"https:\/\/encrypted-tbn0.gstatic.com\/images?q=tbn:ANd9GcTrPsGyGGTKfWD_nVry2BXFnqslW2_QK5MWMOdyba_FYJHqHMc-reKia4HBk5UByiCoCZM&amp;usqp=CAU\" alt=\"VER MAS\" width=\"114\" height=\"44\" \/><\/a><\/p>\n<p>Profesorado de Educaci\u00f3n Secundaria en Matem\u00e1tica<a href=\"https:\/\/ifdmoreno-cba.infd.edu.ar\/sitio\/profesorado-de-educacion-secundaria-en-matematica\/\"><img decoding=\"async\" loading=\"lazy\" class=\"\" src=\"https:\/\/encrypted-tbn0.gstatic.com\/images?q=tbn:ANd9GcTrPsGyGGTKfWD_nVry2BXFnqslW2_QK5MWMOdyba_FYJHqHMc-reKia4HBk5UByiCoCZM&amp;usqp=CAU\" alt=\"VER MAS\" width=\"114\" height=\"44\" \/><\/a><\/p>\n<p>Profesorado de Educaci\u00f3n Secundaria en Qu\u00edmica<img decoding=\"async\" loading=\"lazy\" class=\"\" src=\"https:\/\/encrypted-tbn0.gstatic.com\/images?q=tbn:ANd9GcTrPsGyGGTKfWD_nVry2BXFnqslW2_QK5MWMOdyba_FYJHqHMc-reKia4HBk5UByiCoCZM&amp;usqp=CAU\" alt=\"VER MAS\" width=\"114\" height=\"44\" \/><\/p>\n<p>\u00a0<\/p>\n\n\n<p><\/p>\n","protected":false},"excerpt":{"rendered":"<p>\u00bfYa elegiste qu\u00e9 carrera vas a estudiar? Eleg\u00ed el Profesorado\u00a0 Las diez carreras de Formaci\u00f3n Docente que se dictan en el ISFD \u00abMariano Moreno\u00bb tienen una duraci\u00f3n de 4 a\u00f1os. Instituci\u00f3n P\u00fablica. Los t\u00edtulos de las carreras dictadas en el Profesorado tienen validez nacional. El Instituto no dicta profesorados a distancia o trayecto pedag\u00f3gicos. \u00a0 &#8230; <a title=\"CARRERAS\" class=\"read-more\" href=\"https:\/\/ifdmoreno-cba.infd.edu.ar\/sitio\/carreras\/\" aria-label=\"More on CARRERAS\">[+]<\/a><\/p>\n","protected":false},"author":572,"featured_media":0,"parent":0,"menu_order":0,"comment_status":"closed","ping_status":"closed","template":"","meta":[],"acf":[],"_links":{"self":[{"href":"https:\/\/ifdmoreno-cba.infd.edu.ar\/sitio\/wp-json\/wp\/v2\/pages\/1426"}],"collection":[{"href":"https:\/\/ifdmoreno-cba.infd.edu.ar\/sitio\/wp-json\/wp\/v2\/pages"}],"about":[{"href":"https:\/\/ifdmoreno-cba.infd.edu.ar\/sitio\/wp-json\/wp\/v2\/types\/page"}],"author":[{"embeddable":true,"href":"https:\/\/ifdmoreno-cba.infd.edu.ar\/sitio\/wp-json\/wp\/v2\/users\/572"}],"replies":[{"embeddable":true,"href":"https:\/\/ifdmoreno-cba.infd.edu.ar\/sitio\/wp-json\/wp\/v2\/comments?post=1426"}],"version-history":[{"count":6,"href":"https:\/\/ifdmoreno-cba.infd.edu.ar\/sitio\/wp-json\/wp\/v2\/pages\/1426\/revisions"}],"predecessor-version":[{"id":2242,"href":"https:\/\/ifdmoreno-cba.infd.edu.ar\/sitio\/wp-json\/wp\/v2\/pages\/1426\/revisions\/2242"}],"wp:attachment":[{"href":"https:\/\/ifdmoreno-cba.infd.edu.ar\/sitio\/wp-json\/wp\/v2\/media?parent=1426"}],"curies":[{"name":"wp","href":"https:\/\/api.w.org\/{rel}","templated":true}]}}